 - 8*l**2 - 2*l. What is the tens digit of y(x)?
2
Let o(i) = i**2 + i - 6. What is the units digit of o(-8)?
0
Suppose 3*c - 11 = -h, 4*h = 3*c + 3 + 11. Suppose f = 3*s - 51, 0 = -3*f + c*f. What is the tens digit of s?
1
Let i(q) = 4*q**2 + 2*q - 2. Let j be i(-2). Suppose -6*l = -l - j. What is the units digit of l?
2
Let f(u) = u**3 - 3*u**2 + u + 1. Let r be f(3). Suppose -3*p - 5*q + 44 = -40, 4*p = r*q + 112. What is the tens digit of p?
2
Let a = 12 + -44. Let v = a + 47. What is the tens digit of v?
1
Suppose -18*o + 15*o + 342 = 0. What is the tens digit of o?
1
Let g(c) = 2*c**3 - c**2 + 2*c - 1. Let z be g(1). Suppose 3*y + z = -5*m + 83, 0 = 3*m - 3*y - 63. What is the tens digit of m?
1
Let p(o) = -2*o - 2. Let k be p(-3). Let y = k + -1. Suppose -y*l = -0*l - 3. What is the units digit of l?
1
Let s(q) = q**3 + 4*q**2 - 6*q - 6. Let a(y) = -y - 12. Let z be a(-8). Let i be s(z). What is the units digit of 86/i + 6/27?
5
Suppose 0 = -0*f - 4*f + 16. Suppose 2*w = -w + f*p + 15, 3*w = -2*p + 15. Let c = 0 + w. What is the units digit of c?
5
Let q(g) = -g**2 - 14*g - 1. Let t be q(-14). Let z = t - -53. What is the units digit of z?
2
Suppose 4*b - 7 - 2 = -5*m, -5*b + 4 = -m. Let a = -5 + b. Let i(n) = -n**2 - 6*n - 3. What is the units digit of i(a)?
5
Let u be 1 + -4 + -31 - 2. What is the units digit of u/6*(-2)/4?
3
Let t(m) = 17*m**2 + 17*m + 3. Let j(b) = 11*b**2 + 11*b + 2. Let f(o) = 8*j(o) - 5*t(o). Let k be f(-3). Suppose -53 - k = -4*u. What is the units digit of u?
8
Let m be 2/(-4) - 3/(-6). Suppose m = -3*o + 25 + 26. What is the units digit of o?
7
Let k(w) = -3*w + 7. Let o(m) = -14*m - 26. Let n(c) = -5*c - 9. Let v(b) = 17*n(b) - 6*o(b). Let j(p) = 2*k(p) - 5*v(p). What is the units digit of j(-8)?
7
Let i(u) be the first derivative of u**2/2 - 2*u - 1. Let s be i(2). Let g = 1 + s. What is the units digit of g?
1
Suppose 2*u + 3*w + 6 = -8, -4*u = -w. Let g be (160/4)/(u/(-2)). Suppose -4*q - q = -g. What is the units digit of q?
6
Suppose -4*c - r - r + 56 = 0, 5*c - 4*r - 96 = 0. Suppose -6*j + 66 = -30. Suppose 4*t = -2*p + j, 2*t - 2*p - c = -p. What is the units digit of t?
6
Suppose -n = -0*n - 124. Suppose -5*c + c = -n. Let l = c - 19. What is the units digit of l?
2
Let y(x) = -19*x + 1. Let b be y(-6). Suppose -b = -5*n + 110. What is the tens digit of n?
4
Let b(v) = -2*v - 13. What is the units digit of b(-11)?
9
Let h(w) = -w**3 - 13*w**2 - 15*w + 7. What is the units digit of h(-12)?
3
Let a = -11 - -16. Suppose 0*r + r + 161 = a*h, -4*h + 136 = r. What is the units digit of h?
3
Suppose -v + 7 = 2*g, -2*g - 2 = -v + 1. Suppose 5*a = 3*h + 37, 25 + 4 = v*a - h. Suppose -y + 1 = -a. What is the units digit of y?
6
Suppose -5*a + 4*a - 581 = -5*j, -4*j + a = -465. What is the units digit of j?
6
Let w(g) = g**3 - 2*g - 1. Let c be w(2). Let s be (c + 3)*3/6. Suppose -27 = -p - 3*p + s*n, -24 = -3*p + 3*n. What is the units digit of p?
3
Let g(z) = 0 - z**2 - 3 + 1 - 8*z. Let x be g(-8). Let k = 3 + x. What is the units digit of k?
1
Let o(m) be the second derivative of 0 + 1/2*m**2 - m - 7/12*m**4 + 0*m**3 + 1/20*m**5. What is the units digit of o(7)?
1
Let o be 1/(-3) + (-32)/(-6). Suppose -5*t - 9 = s, t = -2*s + o*s - 5. What is the units digit of s?
1
Let p(z) = -z**3 - 10*z**2 - 10. Let x be p(-10). Let d be (1 - 10)/((-3)/2). What is the units digit of d/(-3) - x/2?
3
Let o = -8 + 13. What is the tens digit of (-16)/40 + 62/o?
1
Suppose 22 = 4*d - 6. Suppose d*g = 3*g + 164. What is the tens digit of g?
4
Suppose 4*q + d - 213 = 2*q, -q + 3*d = -117. What is the units digit of q?
8
Suppose 9*m = 434 + 709. What is the units digit of m?
7
Suppose 0 = -2*r + 11 + 1. What is the tens digit of 10/(-4)*(-10 + r)?
1
Let i be (-2)/(-6) - 8/(-3). Let o(c) = c - 4. Let b be o(0). What is the units digit of (-3)/(1 + b/i)?
9
Suppose -3*o - o + 37 = 3*r, 5*r - 2*o = 27. Suppose c + r = 2*c. What is the units digit of c?
7
Let l(a) be the second derivative of -a**5/20 + a**4/3 + a**3/6 - 3*a**2/2 + a. What is the units digit of l(3)?
9
Let w be 16/7 - 10/35. Suppose w*h + 30 = 4*a, 0*a + a = -h + 15. What is the units digit of a?
0
Let u = 176 + -125. What is the tens digit of u?
5
Let h = -11 - -11. Suppose -2*q - r = -49, -5*q + 5*r + 68 + 32 = h. What is the tens digit of q?
2
Suppose 4*i + 142 = 6*i. What is the units digit of i?
1
Let h(b) be the first derivative of -b**4/4 - 5*b**3/3 - 2*b**2 + 3*b - 3. Let o be h(-4). What is the tens digit of o/9 + (-32)/(-3)?
1
Suppose 3*c = 7*c - 20, 75 = r + 2*c. Suppose 2*t + 3*t - r = 0. What is the units digit of t?
3
Suppose 1 + 4 = 5*j, -2*j - 13 = -3*n. Let f = 21 + -5. Suppose -5*v = b - 22, -3*b + 10 = -n*v - f. What is the units digit of b?
2
Let u(d) = 5*d**2 - 2*d + 1. Let n be u(1). Let a(o) = 0 + 0*o + o + 1. What is the units digit of a(n)?
5
Let d = -14 - -16. Let p = d - -4. What is the units digit of p?
6
Suppose 0 = -3*p + 2*p + 19. Let v = -8 + p. What is the units digit of v?
1
Suppose 3*m - 4*t = -3, 2*m - t + 5 = -3*m. Suppose 2*u + 3 = -3. Let r = m - u. What is the units digit of r?
2
Suppose 5*n = 3*n + 112. What is the units digit of n?
6
Let s(m) = m**3 - 6*m**2 + 4*m - 4. What is the units digit of s(8)?
6
Let l(j) = j**2 - 1. Let u(k) = -k**3 - 5*k**2 - 2*k - 5. Let n be u(-5). What is the tens digit of l(n)?
2
What is the tens digit of (20 + -32)*8/(-6)?
1
Let i = 30 - 14. Suppose -3*u = -u - 3*x - 31, -i = -u + 2*x. What is the units digit of u?
4
Let a be (2 - 2) + 7 + 0. Suppose p - 2*s - 8 = -0*s, -a = 4*p + 5*s. What is the units digit of p?
2
Let f(x) = -6 + 0*x + 14 - x. What is the units digit of f(7)?
1
Suppose 0 = 11*g - 4*g - 504. What is the units digit of g?
2
Let z = 3 - -150. What is the units digit of z?
3
Let q = 0 - -2. Suppose q = -2*k + 3*k. What is the units digit of (1 + -1*k)*-2?
2
Let t = 176 + -83. What is the units digit of t?
3
Suppose -5*g = 2*j - 93 - 27, 2*j = 0. What is the units digit of g?
4
Let t be 204/10*(5 + 0). Suppose -4*y + 2*a = -t, -y + 63 = y - 5*a. Suppose -y = -u - u. What is the units digit of u?
2
Let c = -42 + 52. What is the tens digit of c?
1
Let o = 67 - 30. Let j = o - 19. What is the units digit of j?
8
Let q(b) = b**3 + 16*b**2 + 19. What is the tens digit of q(-16)?
1
Let r be (-29 + -1)*2/(-5). Suppose -q = q + r. Let t = -3 - q. What is the units digit of t?
3
Suppose u = -1 + 3. Suppose 3*q - 5*f = 107, 3*q - u*f = -0*q + 95. What is the units digit of q?
9
Let s be 14/(-21) - 116/(-3). Suppose 0 = 2*u - s - 26. What is the units digit of u?
2
Let p(f) = -83*f**3 - f**2 - 3*f - 2. What is the units digit of p(-1)?
3
Let x(j) = -j**3 + 16*j**2 - 15*j + 13. What is the tens digit of x(15)?
1
Suppose k - 106 = -k. What is the tens digit of k?
5
Let b(f) = -41*f - 7. What is the hundreds digit of b(-6)?
2
Suppose -3*z = -2*z - j - 110, 3*j + 215 = 2*z. What is the tens digit of z?
1
Let v(j) = j - 4 + 2*j - 4*j - 4*j. Let r be v(-3). Suppose -4*f = -c, c = f - 2*c + r. What is the units digit of f?
1
What is the units digit of 54/(-18) + (0 - 0 - -335)?
2
What is the tens digit of 26 + (-3 - (-2 + 1))?
2
What is the units digit of 2/((-8)/(-76)) - 2?
7
Suppose k + 3*o = 22 + 1, 0 = 2*k + o - 46. What is the tens digit of k?
2
Let j(d) = -6*d**2 + 6*d - 4. Let b(a) = -7*a**2 + 5*a - 3. Let u(f) = -5*b(f) + 6*j(f). What is the tens digit of u(5)?
2
Suppose 3*r - 6 = 15. Suppose 1 + r = -4*u. What is the units digit of (3 - 2)/(u/(-14))?
7
Let j(n) = -37*n**3 + n. Let k be j(1). Let s be (-23)/6 + 6/k. What is the units digit of (s/(-6))/(8/84)?
7
Suppose -2*d + 7*d - 230 = 0. What is the units digit of d?
6
Let s be -3 + 1 + 4 - 7. What is the units digit of s/((-1 + 2)/(-1))?
5
Let l(k) = k**2 + 2*k - 1. Let d be l(1). Suppose 5*g - j = 7, -4*j + 2 = -2*g - d*j. Suppose g*i - 17 = -n, n = -5*i + 27 + 11. What is the units digit of i?
7
Let z(j) be the third derivative of j**5/30 + j**4/4 + j**3/3 + j**2. What is the units digit of z(-6)?
8
Let m be 10 + (2/(-2) - -1). Suppose 5*u + 4*v - m - 20 = 0, -5*u + v + 5 = 0. Suppose -6 = u*p - 18. What is the units digit of p?
6
Let h(x) = -x**2 + 32*x + 9. What is the units digit of h(12)?
9
Let p(c) = -c**3 - 4*c**2 + 3*c - 1. Wh